igit of q?
8
Let t(s) = 8 + 49*s**2 - 16*s**2 + 18*s + 16*s**2 - 9*s. What is the hundreds digit of t(3)?
4
Let b = 10 - 10. Suppose b = 2*d + 3*d. Suppose -25 - 28 = -g + 5*p, 3*p + 6 = d. What is the tens digit of g?
4
Let c = 7124 + 610. What is the units digit of c?
4
Suppose -170 = -18*q + 46. What is the tens digit of q/(-2 - -4) + 410?
1
Suppose 27*z + 3*z + 1084257 - 2934297 = 0. What is the tens digit of z?
6
Suppose -34*i - h = -37*i + 223894, -12 = 3*h. What is the units digit of i?
0
What is the tens digit of 80/14 - (-90)/(-126) - -13747?
5
Let n(q) be the third derivative of 5*q**4/12 - 9*q**3 - 35*q**2. What is the tens digit of n(16)?
0
Let s be (3/(-15))/(-2*1/50). Suppose s*q - 346 - 74 = 0. What is the units digit of q?
4
Suppose -2*s + 11977 = 5*z, 0 = 2*z + 106 - 112. What is the units digit of s?
1
What is the units digit of 2*1/38 - 152738496/(-10754)?
3
Let n = -7052 + 30823. What is the thousands digit of n?
3
Suppose 43 - 14 = 5*z - p, -4*p - 6 = 2*z. Let v(d) = z + 6*d - 4*d**2 + 2*d**2 - d**2 + 2*d**3. What is the tens digit of v(5)?
1
Suppose -47*s = -27*s - 193660. What is the thousands digit of s?
9
Suppose 2*p = -38*a + 43*a + 587, 3*p - 4*a = 863. What is the hundreds digit of p?
2
Suppose z - 4231 = 3*u - 7*u, u = 3*z - 12732. What is the thousands digit of z?
4
Let y be (-1 + (-3)/(45/(-25)))*-2019. What is the tens digit of y/(24/(-9) + (-10)/(-15))?
7
Suppose -3250 + 238774 = -251*g + 263*g. What is the units digit of g?
7
Suppose 9*q - 11*q + 3*g + 15 = 0, 0 = g + 3. Suppose -b - 3*m + 955 = -8*m, -5*m - 2815 = -q*b. What is the units digit of b?
0
Let r = 6 + -3. Let t be (-3)/r*2 - -7. Suppose t*o - 6 = 3*o. What is the units digit of o?
3
Suppose -15*h - 99 = -12*h. Let f = h - -40. Suppose -126 = -f*a + 5*a. What is the tens digit of a?
6
Suppose 5*h - 20 = -2*y, 0 = 3*y - 5*h + 12 - 17. Suppose -v - i + 590 = -y*i, 0 = -2*v + 3*i + 1200. What is the hundreds digit of v?
6
Suppose 299*i = 155*i + 162*i - 184752. What is the hundreds digit of i?
2
Let g be (-111)/(-9) + 1/(-3). Suppose 0 = -3*y + g, -2*n + 605 = n - y. What is the units digit of n?
3
Let k(n) = 1222*n - 8873. What is the hundreds digit of k(50)?
2
Suppose 19*l = -47 + 123. Suppose -5*s + l*x + 95 = 0, 4*x + 22 = -5*s + 157. What is the units digit of s?
3
Let v be (-60882)/(-24) - (-6)/24. Suppose v = 12*n - 8347. What is the units digit of n?
7
Let f(r) = -14*r - 109. Let j be f(-8). What is the hundreds digit of j/3*(2 + -1) + 637?
6
Let h be (-116)/(-10) - -3*4/30. Let c = -13 + 18. Suppose -d = 0, -r - c*d + 5 + h = 0. What is the units digit of r?
7
Let t be (-8)/(-3) - (88/(-12) + 8). Suppose -2*i = -i, -3*q + t*i = -519. What is the tens digit of q?
7
Let y(r) = 9*r - 22. Let t be y(3). Suppose 11*n - 6*n - 1326 = -3*f, t*f - n - 2210 = 0. What is the hundreds digit of f?
4
Suppose 150*g - 1823060 = 403090. What is the tens digit of g?
4
Let s(b) = -b**3 + 7*b**2 + 11*b + 13. Let d be s(7). Suppose a - 18 = -4*l + 75, -4*a - d = -5*l. What is the units digit of l?
2
Let v(n) = n**3 - 11*n**2 + n - 9. Let s be v(11). Suppose -2*p + 15 = -3*p - 3*a, -4*a = s*p + 20. Suppose 3*q - 101 - 61 = p. What is the tens digit of q?
5
Suppose i = o + 16254, o + 6152 = -4*i + 71208. What is the hundreds digit of i?
2
Suppose 0 = 8*w + 58 + 118. Let i = w - -20. What is the units digit of 2 - (-95 - 2/i)?
6
Suppose 0 = 16*l + 3*a - 952152, -11*l = -9*l + a - 119014. What is the hundreds digit of l?
5
Let w be 32/18 + 4/18. Let k = -330 - -1308. Suppose w*f - 8*f = -k. What is the units digit of f?
3
Let f = -14 - -12. Let t be (f/(-4))/1*0. Suppose t = 4*m - 5*n - 355, 0 = -4*m + 3*n + 80 + 269. What is the units digit of m?
5
Suppose 5*i - 3*i = 4*j - 4794, -5*j = -2*i - 5995. Let h = j + -594. What is the units digit of h?
7
Let l(h) = 24603*h**3 - 8*h**2 + 14*h - 9. What is the thousands digit of l(1)?
4
Suppose 2*a = 3*u - 25436, -9*u + 16960 = -7*u - 2*a. What is the tens digit of u?
7
Let i(f) = -f**2 + 6*f**2 + 16*f - 21 + 0*f**2. What is the hundreds digit of i(-8)?
1
Let y(l) = -18 + 63 - 53*l - 20 - 15 - 21. What is the hundreds digit of y(-13)?
6
Let c(h) = -440*h + 48176. What is the units digit of c(0)?
6
Suppose 8 = -5*w + 4*w. Suppose -5*t - 5*j = 55, 2*t - j = 2 - 27. What is the units digit of w/((2/(-3))/((-16)/t))?
6
Let m be (-3)/(-6)*14 + (-95)/19. Suppose 18 = 5*u + 2*q, 15 = 2*u + 2*q + 3. What is the units digit of m/(3*u/282)?
4
Suppose -57*b + 36*b = -1052415. What is the ten thousands digit of b?
5
Suppose 33 = 2*g + 25. Suppose 10 = g*r + 2. Suppose 104 = 2*u - f - f, 0 = r*f + 6. What is the units digit of u?
9
Suppose -9*j + 6*j = -15, -2*j = 2*y - 11514. What is the thousands digit of y?
5
Let j(o) = -126 + 21*o - o**2 + 41*o + 23 + 7*o - 19*o. What is the units digit of j(24)?
1
Suppose 95*o = 896167 + 1632733. What is the hundreds digit of o?
6
Let q = -2 + -9. Let f be 6/(-14) - (756/(-49) - 2). Let g = f - q. What is the units digit of g?
8
Let j = -965 - -984. Suppose -40*w + j*w = -27363. What is the tens digit of w?
0
Let b(m) = 337*m**2 + m + 5. Let u be b(2). Suppose 18*n = 13*n + u. What is the units digit of 3 + (-1 + n - 1)?
2
Suppose 5*f - 2577085 = -198*f. What is the hundreds digit of f?
6
Let s be (-2)/(-1) + (-6 - -3). Let y(b) = -426*b**3 - b**2 - b - 1. What is the units digit of y(s)?
5
Let y be 1/(((-1)/(-3))/((-130)/(-78))). Suppose -y*f + 966 = l, 2*f - 5*f - 2844 = -3*l. What is the tens digit of l?
5
Let m(o) = -1565*o + 6. Let n be m(-3). Suppose -c = 3*c + j - n, 0 = 4*j - 4. What is the units digit of c?
5
Let v(g) = -30*g**3 + g**2. Let r be v(-1). Suppose 18*t + 767 = r*t. What is the units digit of t?
9
Suppose 48*z + 362 = -70. What is the units digit of 4460/14 - z/21?
9
Suppose 0 = -o - 4*j + 790, 332*o - 329*o + 4*j - 2338 = 0. What is the units digit of o?
4
Suppose -3*w + 15*w = 444. Suppose 0 = w*k - 36*k - 352. What is the hundreds digit of k?
3
Let t(j) = -2*j + 15*j + 15 + j**2 + j. Let y be t(-17). Suppose 0 = -2*a + 5*u + 61, -u = 3*a + 17 - y. What is the tens digit of a?
1
Let l be ((-63)/(-4))/((-5)/20). Let q = l + 55. Let z = 49 - q. What is the units digit of z?
7
Let m(x) = 269*x**2 + 14*x - 33. Let r be m(2). Let b = r + -729. What is the tens digit of b?
4
Let z = -189 + 241. Suppose 5*k = -f + 1166, 3*f - 49*k + z*k = 3438. What is the tens digit of f?
4
Let a(i) = -4*i**2 + 26*i - 5. Let v be a(5). Suppose v*y - 3085 = 20*y. What is the units digit of y?
7
Suppose -2*t - 9910 = -s, 3*s - 29728 = -29*t + 34*t. What is the units digit of s?
6
Let y be 7/(-2)*(-276)/(-161). Let k(j) = 16*j**2 + 14*j + 4. What is the units digit of k(y)?
6
Let i = 1973 + -881. Suppose 3*j = -4*j + i. Suppose u + j = 7*u. What is the units digit of u?
6
Let q(d) = -27654*d - 1030. What is the units digit of q(-1)?
4
Let o(y) = -y**3 + 67*y**2 - 139*y - 222. What is the thousands digit of o(59)?
9
Let r be 8/16 - (14532/(-8) - 1). Suppose -5*q + r = -3*u - 959, -2775 = -5*q + 5*u. What is the tens digit of q?
5
Let f(n) = 2*n**3 - 4*n**2 - 29*n + 1. Let q be f(5). Suppose 3*r - 7*w - 1931 = -q*w, 4*w = -5*r + 3190. What is the units digit of r?
2
Suppose 0 = -4*x - 3*t - 1, x - 1 = 2*t - 3*t. Let o be 268 + (x/6 - (-6)/9). Suppose -o = -5*n + c + 159, 3*n = -2*c + 264. What is the units digit of n?
6
Suppose 0 = 48*t - 50*t - 844. Let j = t - -1239. What is the tens digit of j?
1
Suppose 2*f - 6*f + 136 = 0. Let a be f + 10/15*-3. Suppose -5*m + 4*q = -206, a + 134 = 4*m - 2*q. What is the tens digit of m?
4
Let o = 504 - -82. Suppose -373 = -7*m + o. What is the units digit of m?
7
Let u(d) = 10*d + 191. Let i(v) = -21*v - 383. Let o(l) = 6*i(l) + 13*u(l). What is the tens digit of o(-19)?
0
Let z be (-3 + 18/(-12))*-62. Let t = -231 + z. What is the tens digit of t?
4
Suppose 513 = 3*m - g, -g = m - 2*g - 169. Let d = -631 + 880. Let z = d - m. What is the units digit of z?
7
Let o = 41 + -36. Suppose -4*z + 5*p + 32 = 0, -o*z - 4*p + 29 + 11 = 0. Suppose -30 = z*n - 9*n. What is the tens digit of n?
3
Suppose 11*c - 12044 = 13223. Suppose -30*l + c = -18733. What is the tens digit of l?
0
Let o(q) = 1870*q**2 - 20*q + 4. What is the units digit of o(3)?
4
Let i = -2840 + 1445